-1)) + -4.
5
What is the value of -9 - (-7 + (8 - 7))?
-3
What is -28 + 28 + -2 + 2 + -1?
-1
What is the value of (-2 + 2 - 1) + 1 + -4?
-4
What is the value of (-1 - -1) + (-8 - (3 - 5))?
-6
Evaluate -12 + (-1 - (-14 + 4)).
-3
What is 4 - (3 + -1 + 7 + -4)?
-1
What is the value of 7 + -3 + -4 + -1?
-1
1 - (3 + -6 + 1 + 1)
2
Evaluate -6 + 1 - (-7 - (-2 - -2)).
2
What is the value of 4 - 2 - (6 - (4 - -6))?
6
What is (8 - 4) + -3 + (-9 - -2)?
-6
Evaluate 10 + (3 - (-3 - -5) - 6).
5
-1 - 0 - (-2 + -1)
2
What is the value of 13 + -17 - (-10 - (1 - -1))?
8
3 - (-5 - -9 - 4)
3
What is 0 - (6 - (-6 + 9))?
-3
6 + (-1 - (-6 + 7))
4
What is -7 + (3 - -2) - (-12 + 9)?
1
What is the value of 4 + -1 + (1 + 9 - 10)?
3
(-4 - 0) + 7 - (0 + 7)
-4
What is -3 + (-2 - -5) - (0 + 0)?
0
-1 + -2 + (2 - -6)
5
What is -8 - (-10 + -3 + -5 + 1)?
9
What is the value of 4 + (-5 - -1) + -9 + 11?
2
What is (0 - 3) + 0 + -7 + 6?
-4
Evaluate 2 + 1 - (6 + (-3 - -2)).
-2
5 - (31 + -31 + (1 - -2))
2
What is the value of 2 + (4 - -2 - 5) - 8?
-5
What is the value of (1 - 1) + 3 + -4?
-1
Calculate (-9 - (8 - 12)) + 8.
3
Evaluate (27 - 26) + (6 - -1) - 1.
7
Evaluate 3 + -3 - (-6 - (11 - 13)).
4
0 + -1 - (-1 - (7 - 3))
4
-3 + (2 - -4 - 4 - -1)
0
What is -84 + 87 + (-1 - 7)?
-5
Calculate 11 - 12 - (0 - 5).
4
What is the value of 0 + 1 + -5 + -1?
-5
Evaluate -2 + -6 - (-10 + 2).
0
(0 - 3) + 4 - -2 - 0
3
What is 4 + 3 + -5 - 8?
-6
What is 8 + (14 - 6 - 12)?
4
Calculate 4 + -26 + 5 - -8.
-9
What is (9 + -13 - (-2 - -3)) + 5?
0
Calculate 6 - 1 - ((-14 - -9) + 12).
-2
Evaluate 4 - (-1 - (-1 + (-1 - -2))).
5
Calculate 2 - (4 - ((0 - 3) + 0)).
-5
Evaluate -4 + (12 + -5 - 1).
2
What is -5 - 6 - (-9 - (-4 + -1))?
-7
Evaluate -3 - (-3 - 1) - -3.
4
Calculate 3 + -4 + 2 + 1.
2
Evaluate -1 - (-4 - (-3 - (-4 + 0))).
4
What is -4 - ((-9 - -13) + (3 - 5))?
-6
Evaluate 2 + -1 + -4 + 6 - -1.
4
What is the value of 1 - ((5 - 2) + -3)?
1
What is -1 + (-4 - -6 - (-3 + 4))?
0
Evaluate 3 + (2 - (-5 + 15)).
-5
Evaluate 4 + 6 + (7 - 23).
-6
-4 + (1 - 0) + (6 - 4)
-1
Evaluate (-2 - (-3 + 0 - -3)) + 1.
-1
Evaluate 4 - (-2 - (-4 - -4 - 0)).
6
Calculate -1 - 1 - (4 + 2 + -2).
-6
Calculate 2 - (4 - 1) - (-8 - -5).
2
Calculate 12 - (-7 + -2 + 14).
7
Calculate 0 + 2 - (-15 - -15).
2
Evaluate -3 + 2 + -2 + 4 - 1.
0
Evaluate 6 + (5 - (-13 + 14)).
10
-6 + 12 - (18 + -7)
-5
Calculate -6 + (-8 + 3 - -14).
3
Evaluate (12 - 16) + 7 + 0 + -5.
-2
Evaluate 0 + (11 - -1) + -7.
5
What is the value of (-5 - 3) + 14 - 5?
1
What is -4 + 5 + -4 + -1 + -1?
-5
What is the value of 10 + (2 - 0 - 6) - 0?
6
Calculate (-3 - -2) + (16 - 17).
-2
-2 - (9 - 7) - 0
-4
Calculate -2 + 2 + -6 + 4.
-2
Calculate 9 - (-2 - -7) - 0.
4
(-4 - -1) + -4 + 4
-3
Evaluate -6 + (-1 - (-2 - (-2 - -3))).
-4
Evaluate (1 - (1 + 1)) + 4 + -2.
1
Evaluate -3 + (4 - 8) + 5.
-2
-1 + 4 + (41 - 53)
-9
Evaluate 1 - (3 - 4 - 1) - 1.
2
What is 5 - (0 - 5 - -10)?
0
-10 - (12 - 8 - 10)
-4
Calculate (-7 - (-2 - -6 - 3)) + 11.
3
What is the value of (10 + -2 - 4) + 1?
5
Evaluate -42 - -38 - (0 - 1).
-3
What is -6 - -2 - ((-1 - -4) + -8)?
1
What is 1 - (1 + 2) - (6 + -7)?
-1
What is the value of (-7 - (-1 - 8)) + 1?
3
Calculate 2 + (3 - 2) + -52 + 48.
-1
Calculate -2 + 0 - (-5 + -3 + 6).
0
What is -5 - (-5 + 2 + -1)?
-1
What is the value of (28 - 24) + 0 + -6?
-2
Evaluate 6 + (5 - -3) + -19.
-5
Calculate 109 + -112 - (-11 + 1).
7
What is the value of -2 - -1 - (-7 + 6 + -3)?
3
What is (-4 - 3) + 0 - (-2 + -2)?
-3
What is 5 - (-6 - -3 - (8 + -18))?
-2
What is the value of 5 + 3 + (2 + 4 - 9)?
5
Evaluate -12 + 16 + (-4 - 9).
-9
What is 4 + 0 + -3 + 3?
4
Evaluate -3 + 8 + (1 - 11).
-5
What is the value of (-3 + 3 - (-4 + 1)) + -1?
2
Evaluate 0 + (-4 - -3) - (-9 - -3).
5
What is the value of 1 - (5 - -5) - (1 - 9)?
-1
Calculate 5 - (4 + -6) - 5 - 1.
1
-2 + -1 - -1 - (153 + -147)
-8
What is the value of 3 - 0 - (18 - (-15 - -27))?
-3
-5 + 0 + 1 + 4
0
What is (-4 - 0) + (-4 - -6 - 0)?
-2
Evaluate -3 - (8 + -9 + 4).
-6
-2 - -4 - (1 + (-3 - -1))
3
-4 - -5 - (1 + -2 + 1)
1
What is -15 - ((1 - -1) + -14)?
-3
Evaluate -6 + -1 + 15 + -3.
5
Calculate (6 - 3) + -5 - (1 + -8).
5
What is the value of (0 + 0 - (-19 - -17)) + -8?
-6
What is (-13 - -18 - (4 + -2)) + -7?
-4
-1 + -5 + 6 + 3 + -1
2
(4 - 8) + -1 - (4 + -9)
0
What is 1 + -1 + -1 + (-1 - 0)?
-2
What is 1 - (-5 + (6 - -4)) - -3?
-1
What is the value of -3 + (3 - 4 - -5) + -4?
-3
Evaluate -5 + (-6 - -18) + -7.
0
Evaluate (0 - 5) + (3 - 3) + 8.
3
What is -2 + 0 - ((10 - 6) + -5)?
-1
What is -2 + (7 - 9) + (7 - -1)?
4
Calculate 2 - (13 - (29 - 9)).
9
What is the value of -4 + -1 + -5 + 5 + -2?
-7
Evaluate 0 - (1 - 0) - 1.
-2
Evaluate -4 - -7 - (2 - (-1 - 0)).
0
What is the value of -3 - (13 + -7 - 13)?
4
Calculate 2 - ((5 - (3 + -4)) + -11).
7
Calculate -2 + 3 + -5 + -1 - -3.
-2
Evaluate 12 + -8 + -6 - 2.
-4
What is the value of -14 + 9 + 0 - 2?
-7
Calculate 13 + -13 - (-3 + 2 + 4).
-3
Calculate (-5 - -10) + -15 - -5.
-5
Calculate (8 - 0) + (13 - 27).
-6
Calculate 9 - (-10 - (6 - 16)).
9
Calculate 0 + (-1 - (0 - -2)) + -2.
-5
What is (-2 - 0) + (2 - 8 - -3)?
-5
Calculate -7 + (9 - (-7 - -3)).
6
Calculate (-7 - -4) + -2 + -1 + -1.
-7
What is the value of 14 + (8 - 32) + 14?
4
Calculate -11 + (10 - (10 - 5)).
-6
What is 1 - (7 - (6 - (1 - -2)))?
-3
What is -1 - (-3 + 1 + 0 + -1)?
2
What is -5 + 8 + -7 - -8?
4
(-7 - (-3 - 6)) + 1
3
Evaluate (105 - 112) + 0 + 7.
0
What is the value of -16 - -4 - (1 - 8)?
-5
2 - 0 - (-1 + 12 - 7)
-2
What is the value of 1 + (-1 - -5 - (109 + -101))?
-3
Evaluate 3 + (-23 - (-1 + -13)).
-6
Calculate (1 - 3 - -7) + -10 + 6.
1
What is 1 + -8 - (-40 - (20 + -45))?
8
Evaluate 2 - 7 - (-14 + 10).
-1
Calculate -4 + (-3 - -5) + 12 - 4.
6
Calculate -5 + 0 + 9 - 4.
0
Calculate 3 + (-6 - 2) + (-5 - -2).
-8
Evaluate 1 + 3 - (-2 + 6) - -4.
4
What is 10 + (-2 - 3) + -8?
-3
What is (-1 - -1 - (-65 - -63)) + -12?
-10
Calculate 4 + (5 - (-5 - -11)).
3
What is the value of -3 + 3 - -1 - (-1 - -1)?
1
What is the value of 2 - -3 - (47 - 46)?
4
What is the value of (-1 - -3) + (3 - -15) + -13?
7
What is 7 - (3 + 2 + -1)?
3
Calculate 1 + -2 + (-2 - -6).
3
Evaluate -9 - (-6 + -5 + 6) - -6.
2
(1 - -1) + -19 + 16 - 1
-2
Calculate -5 - (-7 + (1 - -7)).
-6
Evaluate (8 + 0 - 1) + -9.
-2
Evaluate -4 + 4 + (1 - 4).
-3
What is the value of 3 - (10 - (-8 + 9))?
-6
What is 2 - (-2 - -3 - 1)?
2
What is the value of 1 - (-2 + (1 - 3))?
5
What is the value of (-5 - -12) + -11 + 1?
-3
What is (1 - 10) + (-13 - -3) + 14?
-5
What is 1 + -11 - (0 - 16)?
6
What is the value of 12 - (11 + -5) - 9?
-3
Calculate (9 - 9 - (1 + -5)) + -1.
3
What is 3 - (0 + -1 + -2 + 7)?
-1
Evaluate -7 + (2 - 6 - (-16 + 3)).
2
Calculate 1 - 0 - -4 - (-16 - -20).
1
Calculate 2 + (-6 - -6) + 4.
6
Evaluate (-17 - -5) + 15 - (0 - -3).
0
What is 10 + -11 - (-2 - (1 + -1))?
1
What is the value of -31 + 10 + 8 + 7?
-6
What is the value of (12 - (-5 - -4)) + -15?
-2
What is the value of -1 - (1 + 0) - (-8 + 2)?
4
What is the value of 5 + (10 - 6) - (-2 + 5)?
6
Calculate (27 + -24 - (10 - 0)) + 6.
-1
-6 + 11 - 0 - (-4 + 4)
5
What is the value of (-3 - (-1 + 2)) + (-65 - -62)?
-7
12 + (2 - (10 + -2))
6
What is the value of -2 + -5 + 4 - (-6 - 2)?
5
12 - 17 - (2 - 6)
-1
Evaluate 10 - (0 + (-2 - (-11 - -5))).
6
What is the value of (-7 - 0) + 17 + -6?
4
What is the value of 4 + -9 + (7 - 7) + -1?
-6
Evaluate 0 - ((2 - 1) + 2 + -1).
-2
What is the value of 0 - (-2 - (-2 + (-2 - 3)))?
-5
Calculate (-2 - -1) + -3 + (-8 - -11).
-1
Calculate -1 + 12 + -3 + -2.
6
What is (4 - (1 + (4 - 2))) + -6?
-5
Evaluate 6 - 3 - ((6 - 5) + 9).
-7
What is -5 - (-2 - (-6 - (-12 + -5)))?
8
-5 + (2 - (-6 + -2))
5
What is the value of 1 - 5 - (-1 + (0 - 7))?
4
What is 9 - 10 - (1 + 3 + -3)?
-2
What is -8 + 13 + -9 + 1 - -10?
7
What is (-6 + 12 - 2) + -6 + 0?
-2
What is 6 - (-8 - (-3 + -4)) - 11?
-4
Evaluate -11 + (1 + -4 - (-12 - -3)).
-5
Calculate 5 + (-1 - (-6 + 11)).
-1
Calculate 0 + (-1 - -3) + 1.
3
Calculate -8 - (-13 + (4 - 4)).
5
Evaluate 10 - 9 - (0 - 1).
2
Evaluate 1 - (-11 - (-25 + 12)).
-1
Evaluate -4 + 5 - (7 + -1).
-5
-5 + 0 + 19 + (8 - 16)
6
Calculate -4 - (-3 + 0 + 2) - -6.
3
Calculate (2 - (-1 - 1)) + 17 + -23.
-2
What is 6 - (-3 + 4 + -3 + 4)?
4
What is -17 + 13 - (0 + 0)?
-4
What is